{"id":146,"date":"2014-02-10T13:57:41","date_gmt":"2014-02-10T12:57:41","guid":{"rendered":"http:\/\/www.pkn-lichtenvoorde.nl\/?page_id=146"},"modified":"2024-07-24T17:20:43","modified_gmt":"2024-07-24T15:20:43","slug":"johanneshof","status":"publish","type":"page","link":"https:\/\/www.pkn-lichtenvoorde.nl\/?page_id=146","title":{"rendered":"Johanneshof"},"content":{"rendered":"<p><strong>Multifunctioneel<\/strong><\/p>\n<p>De Johanneshof is een multifunctioneel gebouw waarin vele verschillende activiteiten mogelijk zijn. Op de begane grond zijn vier ruimtes beschikbaar, waarvan de twee grootste zaaldelen kunnen worden samengevoegd tot \u00e9\u00e9n grote ruimte die plaats kan bieden aan meer dan 150 personen. Op de bovenverdieping zijn er twee ruimtes.<\/p>\n<p style=\"text-align: justify;\"><a href=\"http:\/\/www.pkn-lichtenvoorde.nl\/wp-content\/uploads\/2014\/02\/johanneshof.jpg\"><img loading=\"lazy\" decoding=\"async\" class=\"aligncenter wp-image-148 size-full\" style=\"margin-top: 10px; margin-bottom: 10px;\" src=\"http:\/\/www.pkn-lichtenvoorde.nl\/wp-content\/uploads\/2014\/02\/johanneshof.jpg\" alt=\"johanneshof\" width=\"1273\" height=\"736\" srcset=\"https:\/\/www.pkn-lichtenvoorde.nl\/wp-content\/uploads\/2014\/02\/johanneshof.jpg 1273w, https:\/\/www.pkn-lichtenvoorde.nl\/wp-content\/uploads\/2014\/02\/johanneshof-300x173.jpg 300w, https:\/\/www.pkn-lichtenvoorde.nl\/wp-content\/uploads\/2014\/02\/johanneshof-1024x592.jpg 1024w, https:\/\/www.pkn-lichtenvoorde.nl\/wp-content\/uploads\/2014\/02\/johanneshof-624x360.jpg 624w\" sizes=\"auto, (max-width: 1273px) 100vw, 1273px\" \/><\/a><\/p>\n<p style=\"text-align: justify;\">De Johanneshof is iedere woensdagochtend open voor een inloopochtend. Iedere zondag staat na de kerkdienst de koffie, thee (en limonade voor de kinderen) klaar. Diverse koren maken van de Johanneshof gebruik voor hun repetities. Daarnaast hebben ook andere huurders hun weg weten te vinden. Wilt u weten hoe het er van binnen uitziet? Kom dan zelf kijken, of <a href=\"https:\/\/www.flickr.com\/photos\/137743968@N05\/albums\/72157687610049731\" target=\"_blank\" rel=\"noopener noreferrer\">klik hier&#8230;<\/a><\/p>\n<p style=\"text-align: justify;\">Wilt u gebruik maken van de mogelijkheden van de Johanneshof? Dat kan. De ruimtes zijn ook voor verhuur beschikbaar. Hiervoor kunt u contact met ons opnemen. <a href=\"https:\/\/www.pkn-lichtenvoorde.nl\/?page_id=24\" target=\"_blank\" rel=\"noopener noreferrer\">Klik hier&#8230;<\/a><\/p>\n<p style=\"text-align: justify;\">Adres: Johanneshof, Rentenierstraat 9, 7131 DK Lichtenvoorde, tel 06 &#8211; 21 37 62 37<\/p>\n<p style=\"text-align: justify;\">Voor routegegevens: <a title=\"route\" href=\"https:\/\/maps.google.nl\/maps?q=Rentenierstraat+9,+Lichtenvoorde&amp;hl=nl&amp;sll=52.469397,5.509644&amp;sspn=5.576124,9.876709&amp;vpsrc=0&amp;hnear=Rentenierstraat+9,+Lichtenvoorde,+Oost+Gelre,+Gelderland&amp;t=m&amp;z=16\" target=\"_blank\" rel=\"noopener noreferrer\">klik hier&#8230;<\/a><\/p>\n<p style=\"text-align: justify;\"><img loading=\"lazy\" decoding=\"async\" title=\"interieur\" src=\"https:\/\/lh5.googleusercontent.com\/-R2oGrQ_VOnE\/TFgYBzUdJcI\/AAAAAAAAAlo\/05qEppMrcfY\/s1280\/Foto0250.jpg\" alt=\"\" width=\"768\" height=\"134\" \/><\/p>\n<p style=\"text-align: justify;\"><strong>Een stukje geschiedenis<\/strong><\/p>\n<p style=\"text-align: justify;\">De offici\u00eble opening vond plaats op 17 september 2009. Het heeft niet alleen heel wat graafwerk maar ook heel wat voeten in de aarde gehad voor het zover was. In de voorgaande tien jaar is er heel wat nagedacht over de toekomst van de kerk en de plaats van de kerk als gemeenschap in de samenleving. Op beide terreinen zijn er de nodige ontwikkelingen geweest; ook binnen de kerk staat de tijd niet stil.<\/p>\n<p style=\"text-align: justify;\">\ufffc\ufffc\ufffcTwee kerken werden \u00e9\u00e9n. De gereformeerde kerk en de hervormde gemeente gingen samen in \u00e9\u00e9n kerkvereniging tot Protestantse Gemeente Lichtenvoorde. Voor \u00e9\u00e9n kerkelijke gemeente hadden we eigenlijk teveel jassen. Daaruit groeide de wens naar een passende jas. En die kwam er! Maar er moesten wel offers voor gebracht worden. Er moest afstand gedaan worden en afscheid genomen van een stuk tastbaar verleden. Zeker voor de toen nog gereformeerde kerkleden was dat een proces waarbij de pijn zeer zeker voelbaar was. We hebben als gemeenschap de tijd genomen om hier ruimte aan te geven.<\/p>\n<p style=\"text-align: justify;\">Er werd gepraat en overlegd. Een gebouwencommissie werd ingesteld om alle behoeften en wensen bijeen te brengen, waarin men op uitstekende wijze geslaagd is. Het uiteindelijke resultaat mag zich zeker laten zien. We hopen dan ook dat heel veel mensen de weg zullen weten te vinden naar de Johanneshof.<\/p>\n<p>U bent van harte welkom!<\/p>\n<div title=\"Page 1\">\n<div>Voor foto&#8217;s van de Johanneskerk: <a href=\"https:\/\/www.flickr.com\/photos\/137743968@N05\/albums\/72157687610049731\" target=\"_blank\" rel=\"noopener\">klik hier<\/a><\/div>\n<\/div>\n<p>&nbsp;<\/p>\n<p>&nbsp;<\/p>\n<p>&nbsp;<\/p>\n<p>&nbsp;<\/p>\n","protected":false},"excerpt":{"rendered":"<p>Multifunctioneel De Johanneshof is een multifunctioneel gebouw waarin vele verschillende activiteiten mogelijk zijn. Op de begane grond zijn vier ruimtes beschikbaar, waarvan de twee grootste zaaldelen kunnen worden samengevoegd tot \u00e9\u00e9n grote ruimte die plaats kan bieden aan meer dan 150 personen. Op de bovenverdieping zijn er twee ruimtes. De Johanneshof is iedere woensdagochtend open [&hellip;]<\/p>\n","protected":false},"author":1,"featured_media":0,"parent":20,"menu_order":1,"comment_status":"closed","ping_status":"closed","template":"page-templates\/full-width.php","meta":{"footnotes":""},"class_list":["post-146","page","type-page","status-publish","hentry"],"publishpress_future_action":{"enabled":false,"date":"2026-04-22 14:33:28","action":"change-status","newStatus":"draft","terms":[],"taxonomy":"","extraData":[]},"publishpress_future_workflow_manual_trigger":{"enabledWorkflows":[]},"_links":{"self":[{"href":"https:\/\/www.pkn-lichtenvoorde.nl\/index.php?rest_route=\/wp\/v2\/pages\/146","targetHints":{"allow":["GET"]}}],"collection":[{"href":"https:\/\/www.pkn-lichtenvoorde.nl\/index.php?rest_route=\/wp\/v2\/pages"}],"about":[{"href":"https:\/\/www.pkn-lichtenvoorde.nl\/index.php?rest_route=\/wp\/v2\/types\/page"}],"author":[{"embeddable":true,"href":"https:\/\/www.pkn-lichtenvoorde.nl\/index.php?rest_route=\/wp\/v2\/users\/1"}],"replies":[{"embeddable":true,"href":"https:\/\/www.pkn-lichtenvoorde.nl\/index.php?rest_route=%2Fwp%2Fv2%2Fcomments&post=146"}],"version-history":[{"count":22,"href":"https:\/\/www.pkn-lichtenvoorde.nl\/index.php?rest_route=\/wp\/v2\/pages\/146\/revisions"}],"predecessor-version":[{"id":3765,"href":"https:\/\/www.pkn-lichtenvoorde.nl\/index.php?rest_route=\/wp\/v2\/pages\/146\/revisions\/3765"}],"up":[{"embeddable":true,"href":"https:\/\/www.pkn-lichtenvoorde.nl\/index.php?rest_route=\/wp\/v2\/pages\/20"}],"wp:attachment":[{"href":"https:\/\/www.pkn-lichtenvoorde.nl\/index.php?rest_route=%2Fwp%2Fv2%2Fmedia&parent=146"}],"curies":[{"name":"wp","href":"https:\/\/api.w.org\/{rel}","templated":true}]}}